 to base 8
-3
What is -114 (base 8) in base 9?
-84
-6 (base 7) to base 11
-6
Convert -2 (base 3) to base 13.
-2
What is 201 (base 6) in base 11?
67
8c (base 14) to base 10
124
What is -101111 (base 2) in base 16?
-2f
What is -1a7 (base 13) in base 4?
-10302
Convert -1 (base 9) to base 11.
-1
Convert -4 (base 14) to base 9.
-4
Convert -3 (base 4) to base 15.
-3
Convert -a9 (base 16) to base 14.
-c1
What is -10 (base 9) in base 10?
-9
-12 (base 5) to base 10
-7
-8 (base 14) to base 8
-10
Convert -16 (base 7) to base 15.
-d
What is 88 (base 11) in base 16?
60
Convert -1013 (base 4) to base 6.
-155
What is 0 (base 5) in base 4?
0
Convert 127 (base 16) to base 3.
101221
Convert 3 (base 5) to base 9.
3
Convert 3 (base 12) to base 13.
3
What is -32 (base 5) in base 6?
-25
8 (base 9) to base 7
11
Convert 120 (base 3) to base 12.
13
Convert -56 (base 8) to base 16.
-2e
2 (base 12) to base 5
2
What is -2001 (base 3) in base 12?
-47
321 (base 7) to base 9
200
What is -3 (base 10) in base 14?
-3
What is -4 (base 5) in base 12?
-4
Convert -20 (base 9) to base 2.
-10010
What is -ae (base 15) in base 11?
-13a
Convert -1b (base 13) to base 3.
-220
-10 (base 3) to base 13
-3
What is -b6 (base 14) in base 3?
-12221
32 (base 6) to base 4
110
Convert 60 (base 7) to base 11.
39
Convert -10 (base 8) to base 3.
-22
What is 35 (base 9) in base 11?
2a
What is -101 (base 2) in base 10?
-5
Convert 1 (base 8) to base 4.
1
Convert 36 (base 8) to base 6.
50
12 (base 12) to base 10
14
What is -20 (base 4) in base 10?
-8
Convert 0 (base 8) to base 15.
0
What is -11 (base 8) in base 10?
-9
What is 19 (base 14) in base 16?
17
Convert 38 (base 10) to base 15.
28
-61 (base 8) to base 2
-110001
19 (base 13) to base 7
31
What is 1010011 (base 2) in base 6?
215
What is 12 (base 3) in base 10?
5
What is -130 (base 5) in base 2?
-101000
100001101 (base 2) to base 11
225
Convert 2 (base 6) to base 9.
2
-21 (base 4) to base 13
-9
What is 272 (base 9) in base 10?
227
Convert -12 (base 8) to base 6.
-14
-5 (base 16) to base 5
-10
Convert 2 (base 8) to base 3.
2
What is 33 (base 7) in base 9?
26
14 (base 6) to base 4
22
47 (base 11) to base 6
123
-34 (base 8) to base 13
-22
-a (base 16) to base 10
-10
Convert -201 (base 5) to base 13.
-3c
Convert -8 (base 15) to base 12.
-8
What is -11 (base 15) in base 4?
-100
1 (base 14) to base 6
1
What is -11122 (base 3) in base 8?
-175
Convert 3 (base 5) to base 13.
3
What is 9 (base 10) in base 11?
9
-101101 (base 2) to base 5
-140
-15 (base 15) to base 3
-202
Convert 3 (base 8) to base 14.
3
-4 (base 15) to base 6
-4
Convert 65 (base 11) to base 14.
51
Convert 214 (base 8) to base 16.
8c
What is 10 (base 9) in base 14?
9
-24 (base 14) to base 10
-32
What is 1 (base 6) in base 11?
1
What is -11 (base 2) in base 16?
-3
Convert 49 (base 14) to base 4.
1001
Convert 2 (base 3) to base 12.
2
Convert -e (base 16) to base 8.
-16
Convert -12102 (base 4) to base 2.
-110010010
What is 232 (base 5) in base 12?
57
What is -3 (base 4) in base 7?
-3
16 (base 8) to base 2
1110
1 (base 7) to base 5
1
31 (base 12) to base 5
122
What is -143 (base 6) in base 12?
-53
What is 21 (base 11) in base 14?
19
What is -2 (base 11) in base 3?
-2
22 (base 8) to base 5
33
5 (base 8) to base 7
5
What is 3 (base 6) in base 7?
3
What is 24 (base 16) in base 10?
36
4e (base 15) to base 14
54
What is 10 (base 12) in base 4?
30
What is -11111 (base 4) in base 3?
-110122
Convert 203 (base 5) to base 11.
49
What is -1020 (base 4) in base 15?
-4c
7 (base 9) to base 5
12
-4 (base 6) to base 2
-100
Convert -57 (base 16) to base 11.
-7a
Convert -1 (base 4) to base 16.
-1
Convert -10111010 (base 2) to base 5.
-1221
What is -5d (base 14) in base 5?
-313
Convert -143 (base 6) to base 9.
-70
What is -6 (base 7) in base 8?
-6
-11 (base 2) to base 3
-10
What is 10 (base 7) in base 9?
7
2 (base 9) to base 3
2
Convert 3 (base 11) to base 3.
10
What is 0 (base 8) in base 12?
0
Convert 101 (base 3) to base 2.
1010
-5 (base 8) to base 9
-5
What is 102 (base 4) in base 15?
13
What is -330 (base 4) in base 8?
-74
What is -41 (base 12) in base 15?
-34
Convert 1 (base 7) to base 8.
1
Convert b (base 16) to base 7.
14
Convert 1 (base 7) to base 8.
1
15a (base 15) to base 4
10312
Convert 505 (base 6) to base 8.
271
What is -123 (base 8) in base 13?
-65
What is 6 (base 14) in base 4?
12
What is -3120 (base 4) in base 6?
-1000
15 (base 13) to base 14
14
-111 (base 8) to base 3
-2201
Convert -41 (base 5) to base 16.
-15
4 (base 9) to base 16
4
What is 2142 (base 5) in base 7?
603
7 (base 12) to base 9
7
What is a (base 13) in base 11?
a
152 (base 7) to base 3
10012
3 (base 12) to base 4
3
Convert 2 (base 13) to base 16.
2
1 (base 13) to base 15
1
Convert 10 (base 2) to base 9.
2
Convert -6 (base 14) to base 4.
-12
Convert -2 (base 10) to base 12.
-2
2 (base 9) to base 8
2
5 (base 6) to base 5
10
What is -8 (base 11) in base 13?
-8
1124 (base 5) to base 12
118
-3 (base 14) to base 12
-3
Convert 3 (base 6) to base 13.
3
14 (base 16) to base 3
202
Convert 202 (base 3) to base 6.
32
What is 15 (base 6) in base 16?
b
Convert 13 (base 7) to base 9.
11
What is 18 (base 9) in base 12?
15
3 (base 14) to base 9
3
27 (base 12) to base 2
11111
What is -13 (base 14) in base 16?
-11
What is 4 (base 8) in base 6?
4
Convert -2 (base 13) to base 3.
-2
What is -130 (base 13) in base 3?
-21201
What is -3d (base 16) in base 11?
-56
What is 1e (base 15) in base 7?
41
Convert 0 (base 11) to base 10.
0
What is 11 (base 5) in base 13?
6
Convert 104 (base 5) to base 13.
23
What is 10 (base 5) in base 6?
5
Convert 1000001 (base 2) to base 4.
1001
Convert 1 (base 4) to base 9.
1
-7 (base 12) to base 15
-7
What is -3 (base 10) in base 9?
-3
Convert -204 (base 7) to base 16.
-66
-3 (base 15) to base 8
-3
Convert 42 (base 6) to base 3.
222
72 (base 11) to base 15
54
What is 106 (base 10) in base 3?
10221
Convert -3 (base 5) to base 10.
-3
22 (base 6) to base 8
16
What is 1 (base 13) in base 2?
1
What is -101010 (base 3) in base 5?
-2043
Convert 4 (base 12) to base 4.
10
What is 1 (base 10) in base 13?
1
Convert -2112 (base 3) to base 15.
-48
Convert 28 (base 16) to base 2.
101000
-9 (base 16) to base 5
-14
-8 (base 10) to base 4
-20
What is -12 (base 4) in base 10?
-6
Convert 102222 (base 3) to base 2.
101000011
4 (base 8) to base 6
4
-7 (base 16) to base 14
-7
Convert -a (base 11) to base 10.
-10
1 (base 14) to base 6
1
0 (base 9) to base 2
0
-201 (base 4) to base 5
-113
Convert 25 (base 11) to base 8.
33
10 (base 5) to base 2
101
What is 0 (base 7) in base 8?
0
What is 2 (base 16) in base 9?
2
-44 (base 10) to base 8
-54
100011 (base 2) to base 6
55
Convert 10 (base 9) to base 8.
11
Convert -34 (base 5) to base 10.
-19
Convert -c (base 16) to base 6.
-20
24 (base 7) to base 12
16
Convert -1 (base 12) to base 13.
-1
111 (base 3) to base 6
21
Convert -543 (base 6) to base 4.
-3033
Convert 9b (base 13) to base 12.
a8
What is 73 (base 11) in base 12?
68
Convert 132 (base 6) to base 3.
2002
Convert -105 (base 12) to base 4.
-2111
-1 (base 5) to base 10
-1
54 (base 7) to base 8
47
Convert 52 (base 8) to base 11.
39
What is 1 (base 8) in base 15?
1
What is 1 (base 3) in base 8?
1
What is -8 (base 9) in base 4?
-20
What is -313 (base 4) in base 2?
-110111
What is 9 (base 10) in base 11?
9
-5 (base 7) to base 5
-10
21 (base 4) to base 16
9
Convert -3 (base 7) to base 5.
-3
What is 1 (base 13) in base 7?
1
160 (base 11) to base 9
227
What is -12 (base 4) in base 14?
-6
Convert -34 (base 7) to base 11.
-23
Convert -1 (base 16) to base 9.
-1
Convert -12 (base 10) to base 13.
-c
26 (base 15) to base 5
121
What is 5 (base 14) in base 11?
5
What is 2 (base 9) in base 5?
2
9 (base 13) to base 4
21
-35 (base 7) to base 8
-32
What is 113 (base 4) in base 16?
17
Convert 28 (base 10) to base 13.
22
Convert 3 (base 9) to base 11.
3
44 (base 11) to base 15
33
Convert 2 (base 14) to base 12.
2
Convert 0 (base 12) to base 3.
0
-111 (base 3) to base 7
-16
Convert -131 (base 10) to base 15.
-8b
Convert 7 (base 13) to base 8.
7
Convert 101 (base 3) to base 16.
a
Convert -3 (base 11) to base 6.
-3
What is 20 (base 4) in base 15?
8
Convert 0 (base 14) to base 5.
0
What is 2 (base 5) in base 3?
2
Convert 2 (base 7) to base 12.
2
What is -82 (base 15) in base 16?